45, 0 = -2*y - 3*j + 4875. What is the tens digit of y?
3
Suppose 0 = -0*w - 5*w. Let f be (w - (-1 - 1)) + 2. Suppose f*j = 6*j - 52. What is the units digit of j?
6
Suppose 18*l - 9470 = 14146. What is the thousands digit of l?
1
Let x(l) = 2*l**3 - 13*l**2 + 5*l + 10. Let g be x(6). Suppose 157 = g*i - 159. What is the units digit of i?
9
Let n be 3/(-2 - 7)*(-3 + 18). What is the tens digit of (-3 + -272)/n + -2?
5
Let c(g) = g**3 - 2*g - 2. Let r be c(0). What is the units digit of (-3652)/(-55) + r/5?
6
Let t(w) = w**3 - w**2 - 2*w + 2. Let i be t(0). Let p(q) = -1 + i - 3*q**2 + 1 + 6*q**2. What is the units digit of p(2)?
4
Let z be -5 - (-8 - (-1 + 1)). Let o = z - -12. What is the units digit of o?
5
Let m = 103 + -82. Let c(p) = 7*p - 30. What is the hundreds digit of c(m)?
1
Let d = 508 + -360. Let u = d + -2. What is the hundreds digit of u?
1
Suppose 1215 = 3*i + 159. What is the tens digit of i?
5
Let f be 2/7 + 2886/91. Suppose -2*c + 100 = -f. What is the tens digit of c?
6
Suppose 2*i - 10 = 0, -4*i + 12 = -q - 6. Suppose -150 = -q*s - 4. What is the tens digit of s?
7
Let m be (1 - 3)*2*(-24)/32. Suppose -3 = l + 1, m*r = -3*l + 177. What is the units digit of r?
3
Suppose -13*b + 8*b = -10. Suppose b*k + l = 64, 0*k - k + 29 = -l. What is the units digit of k?
1
Suppose -3*h + 33*d - 32*d + 2548 = 0, 3*h + 3*d = 2556. What is the units digit of h?
0
Let w(t) = 3405*t + 95. What is the thousands digit of w(1)?
3
Suppose -2*k - 3*w - 2*w = 15, 4 = -4*w. Let r(v) = v**2 + 3*v. What is the tens digit of r(k)?
1
Suppose 4*f - 4*z - 992 = 0, 0 = -f - 4*z + 301 - 78. What is the hundreds digit of f?
2
Let a(o) = -4*o**2 - 6*o - 3. Let y be a(-5). Let h = y - -146. What is the units digit of h?
3
Suppose 0 = 3*j + w - 1027, j + 5*w - 274 = 59. What is the hundreds digit of j?
3
Let k(l) be the third derivative of -l**6/120 - l**5/10 - l**4/4 + 4*l**3/3 + 2*l**2. What is the units digit of k(-6)?
4
Suppose -22*v + 240 = -17*v. Let q = v + 105. What is the units digit of q?
3
Suppose -2*u + 22 = 7*o - 4*o, 5*u - 45 = -5*o. Suppose 10 - 215 = -u*b. What is the units digit of b?
1
Suppose r - 3*k = 397, 4*r = 2*k - 0*k + 1558. What is the units digit of r?
8
Let o(x) = -2*x + 6. Let i(v) = 11*v - 37. Let n(p) = -6*i(p) - 34*o(p). What is the units digit of n(-5)?
8
Suppose f + 225 = 215. Let l(o) = 23 - 17 + 27 + o. What is the tens digit of l(f)?
2
Let g(m) = -m**3 - m**2 + 2*m + 1. Let c be g(-3). Suppose 42 = h - c. What is the units digit of h?
5
Let v(n) = 571*n - 526. What is the tens digit of v(7)?
7
Suppose 0 = -6*q - 75 + 117. What is the units digit of q?
7
Suppose j + 4*n = 8, -5*j - 3*n + 0*n + 6 = 0. Let m = -53 + 57. Suppose j = -m*c - 32 + 152. What is the units digit of c?
0
Suppose 0 = 4*o + 4, -3*u + 3*o + 29 = 4*o. Suppose 2*s = -u, 0*d = -d - s + 4. What is the units digit of d?
9
Let u(h) = -6*h**2 - 11*h - 14. Let k(g) = -7*g**2 - 11*g - 13. Let i(n) = -5*k(n) + 6*u(n). What is the tens digit of i(-6)?
1
Let s = -1162 + 2384. What is the units digit of s?
2
Let b be (2 - (-42)/(-49))/((-1)/(-7)). Suppose -19*f + 2156 = -b*f. What is the tens digit of f?
9
Let r(d) be the second derivative of 23*d**3/6 - 7*d**2/2 + 5*d. Let j be r(3). Suppose -2*c = 2*i - i - j, -3*c + 104 = -4*i. What is the tens digit of c?
3
Let l(x) = 2*x**2 + 8*x + 5. Let r be l(-6). Suppose -4*w = -5*z - 0*z + r, 4*w + 9 = z. What is the tens digit of 43 + (2 - (5 + w))?
4
Suppose -2*o = -0*o + 3*w - 2, -w = o - 1. What is the tens digit of 3 + o - (-2780)/10?
8
Let o = 16 + -8. Let g be ((-45)/6)/((-10)/8). Let s = o - g. What is the units digit of s?
2
Suppose 0 = 33*y - 22*y - 15433. What is the tens digit of y?
0
What is the tens digit of 789 - (4 - 15 - -5)?
9
Suppose 12*o = 13*o - 355. What is the units digit of o?
5
Let y(a) = a + 5. Let m be y(-5). Suppose -2*g + m = 2. Let p = g + 5. What is the units digit of p?
4
Suppose -36*b - 13*b + 44541 = 0. What is the units digit of b?
9
Let b(u) = -2*u**3 + 24*u**2 + u - 12. Let w be b(12). Suppose -3*z + 2*f + 225 = 2*z, -3*z + f + 134 = w. What is the units digit of z?
3
Suppose -2*d - 390 = -12*d. Suppose h + h - 4*g - 44 = 0, -3*g - d = -2*h. What is the units digit of h?
2
Let n = 1280 + -582. What is the hundreds digit of n?
6
Let f = -24 + 43. Let n = f + 46. What is the tens digit of n?
6
Suppose 70 = 4*k + 22. Let o = -22 + k. What is the tens digit of (205/o)/((-3)/6)?
4
Let d(c) = 9*c**2 + c + c - 1 + c**3 + 4. Suppose q + 1 = -7. What is the units digit of d(q)?
1
Let s(k) = -11*k + 1. Let y be s(-16). Let t = -123 + y. What is the units digit of t?
4
Let d(t) = -25 + 25 - 3*t. Let h be d(1). What is the tens digit of (h - -2)*0 + 13?
1
Let x(c) = -1 + 3*c + 1 - 2*c - 7. Let u be x(11). Suppose u*s = 5*s - 1. What is the units digit of s?
1
Let i(d) = -4*d**3 - 38*d**2 - 3*d + 11. What is the units digit of i(-11)?
0
Suppose 4*h + g - 938 = 2042, 5*h - 3725 = -2*g. What is the units digit of h?
5
Let c be (-2)/(-5) - (-215)/25. Suppose c*r + 470 = 4*r. Let h = -58 - r. What is the units digit of h?
6
Let t(k) = -15*k - 4. Let q be t(-3). Suppose -4*y - 4*o = -5*y + 18, -4*y - 8 = 4*o. Suppose 2 = -4*v + 2*v, q = y*z - v. What is the tens digit of z?
2
Suppose -4*o + 4*f = -0*o - 1436, 5*o = -5*f + 1815. What is the units digit of o?
1
Let o be (4 - 2)/(2 - 1). Suppose 3*k = -0*k + 5*h + 196, 0 = -o*k + 2*h + 132. Suppose 3*y = -16 + k. What is the units digit of y?
7
Let i(m) = -m - 14. Let t be i(-10). Let s be (t/(-12))/(2/6). Suppose 0 = 4*o + s - 21. What is the units digit of o?
5
Let l(o) = 28*o - 58. What is the thousands digit of l(60)?
1
Let r be 2 + 1 + (0 - 1). Suppose 3*p - t = -40, r*p = -2*p + 2*t - 54. Let x = p + 36. What is the tens digit of x?
2
Let i = 339 - 219. Let w be (i/4)/(2*1). What is the tens digit of 3 + w/3 - -3?
1
Suppose 64 = -4*r - 4*q - 0*q, 2*r - q = -38. Let z(j) = 4*j - 11. Let f be z(9). Let x = r + f. What is the units digit of x?
7
Let w(u) = -404*u + 627. What is the tens digit of w(-8)?
5
Let b = -17 + 10. What is the units digit of 54 - b - (-3 - 1)?
5
Let x(s) = s**3 + 12*s**2 - 2*s + 16. Let p(h) = -h**3 + 13*h**2 - 15*h + 24. Let a be p(12). What is the units digit of x(a)?
0
Let p be ((-25)/(-10))/((-1)/(-2)). Suppose -25 = -p*n - 260. Let k = 75 + n. What is the units digit of k?
8
Suppose 0 = 2*x - 2*i - 346, 4*x = 2*x - 3*i + 326. What is the units digit of x?
9
Suppose -5*x - 6 = -3*x, -2*x + 18 = -3*y. Let b = -5 - y. Suppose 5*d - 44 = f, -4*d + 29 = -4*f - b. What is the units digit of d?
9
Let i(a) = -a**2 + 3*a + 1. Let t be i(4). Let l be 1 + (t - -3) + -5. What is the units digit of 3 + (1 - l - 0)?
8
Suppose -7032 = -4*y - 4*k, k - 7044 = -4*y + 3*k. What is the units digit of y?
0
Let x(b) = 3*b + 23. Let r be x(-7). Suppose 4*h = 3*c + 222, -r*c + 67 = h + 3*c. What is the tens digit of h?
5
Suppose 4*x + 4*g + 16 = 0, -3*x + x = -4*g - 16. Suppose -4*i + 16 = x, 3*a + 4*i - 12 = 2*a. Let b(m) = 2*m**2 + 4*m - 7. What is the units digit of b(a)?
9
Let q(h) = -h + 1. Let d be q(4). Let t(n) = -1 + 5*n**2 + 2 + 1 + 6*n. What is the units digit of t(d)?
9
What is the tens digit of 9/10*658 + (-5)/25?
9
Let q = 1960 + -1656. What is the tens digit of q?
0
Let x(s) = s**2 - 2*s - 3. Suppose -2 - 10 = 4*o. Let i be x(o). What is the tens digit of 2*14 - i/12?
2
Suppose 2*y - y = 210. Suppose y = 2*p - 5*u, -3*p - 161 = -3*u - 485. What is the hundreds digit of p?
1
What is the hundreds digit of (-3)/(-21) + 296990/238?
2
Let f = 134 - -294. What is the tens digit of f?
2
Let w = -14 - 14. Let r = w - -76. What is the units digit of r?
8
Suppose 34*d - 54676 + 22410 = 0. What is the hundreds digit of d?
9
Let m(l) = 4*l + 12. Let z(j) = 8*j + 25. Let g(f) = 13*m(f) - 6*z(f). Let i be g(9). Suppose 0*b = 3*b - i. What is the tens digit of b?
1
Suppose 46*r - 59*r + 1040 = 0. What is the tens digit of r?
8
Suppose i = 283 - 35. What is the units digit of i?
8
Suppose -z + 3*z + 3*z = 0. Suppose -2*u - 39 + 451 = z. What is the tens digit of u?
0
Let u be ((-30)/(-4))/(3/6). Suppose 20*f = u*f - 15. What is the units digit of 1/2*(-12)/f?
2
Let l(u) = 1170*u**2 + 47*u + 48. What is the thousands digit of l(-1)?
1
Let i = -6